*j. Let q(h) be the second derivative of h**5/20 - h**4/3 - 7*h**3/6 + 3*h**2 - 5*h. What is q(j)?
-4
Let t(n) be the second derivative of -n**4/12 + 2*n**3/3 + 3*n**2 + 5*n. Calculate t(5).
1
Let j(s) = s + 1. Let l be j(2). Suppose 0 = -5*b, -l*x - 3*b + 6 = -b. Let z(a) = -a**x + 1 - 7 - 2*a**2 + 4*a**2 + 4*a. Calculate z(-5).
-1
Let y(l) = -l - 7. Let j(h) = -h**3 + 3*h**2 + 11*h - 12. Let n be j(5). Determine y(n).
0
Let m = -9 + 17. Let h(y) = -4*y - y**2 + 3*y - 1 + m*y. Suppose l + 13 = 2*t, -t - 3 + 17 = -3*l. What is h(t)?
9
Let i(v) = 5*v**3 - 2*v. Suppose -3*m = -8*m - 20. Let j(a) = 11*a**3 - 4*a. Let l(o) = m*j(o) + 9*i(o). Give l(-2).
-4
Let v(z) be the third derivative of z**4/12 + z**3/3 - 5*z**2. Determine v(-6).
-10
Suppose m = -m - 2. Let i(p) = -p. Let x(s) = -3 + 3 - s. Let g(c) = -4*i(c) + 3*x(c). Give g(m).
-1
Let x(z) = 6*z + 1. Let g(y) = -y. Let c = 7 - 6. Let p(a) = c*x(a) + 4*g(a). What is p(-1)?
-1
Let a(l) = -4*l**3 + 2*l**2 - 2*l + 1. Suppose 5*s = 3*u - 35, -4 + 13 = u - s. Let y(w) = w - 4. Let x be y(u). What is a(x)?
-3
Let x(u) = u**3 - 4*u**2 + 2*u - 1. Let b = 2 + 0. Suppose -b*a + 3 + 3 = 0. Calculate x(a).
-4
Let u(h) = -h**3 - 3*h**2 + 2*h. Let m(g) = g + 1. Let z = -10 - -11. Let i be m(z). Determine u(i).
-16
Suppose 1 + 15 = 4*f. Suppose 0 = f*p - g - 4 - 7, -2*p - 3*g + 9 = 0. Let q(w) = w**3 - 3*w**2 + 4*w - 3. What is q(p)?
9
Let c(m) = m**2 + m + 2. Let v(g) = -g**2 - 8*g - 2. Let x be v(-5). Let p = x + -7. Suppose -2*o - 4*t = -t + 6, 3*t + p = 3*o. What is c(o)?
2
Let h(g) = -g. Suppose 0*q - 4*q - 5*f = -27, -4*f = q - 15. Suppose 20 = -q*j - j + 2*b, 0 = 3*j + 3*b + 24. Determine h(j).
6
Let d(c) = c**2 - 2*c - 13. Let s(n) = n + 1. Let w(i) = d(i) + 6*s(i). What is w(-5)?
-2
Let o(v) = 11*v**3 + 9*v**2 - 2*v - 15. Let n = -12 + 6. Let y(j) = 5*j**3 + 4*j**2 - j - 7. Let w(i) = n*o(i) + 13*y(i). Calculate w(-2).
1
Let x(c) = -5*c - 5. Let k(d) = 1. Let a(n) = 2*k(n) + x(n). Calculate a(-2).
7
Let l be 2 + -4 + 35/5. Let v be 2*((-21)/(-6) + -1). Suppose 3*x = l*z - 16, -x - 15 + 3 = -v*z. Let r(q) = -2*q. Determine r(x).
4
Suppose 4*o - 8 = -4*d, -5*o + d - 2 + 24 = 0. Let i be o/(-8) - 57/(-6). Let y = i + -11. Let w(f) = 2*f**2 + 4*f + 3. Give w(y).
3
Suppose -3*c = -0*c - 9. Suppose 13 = 2*z - 3*a, 0 = -5*z - 4*a + 1 - 3. Let u(i) = -2*i**2 + 0 + 1 + z*i**c - 2*i + 0. Calculate u(2).
5
Let j(s) = -s - 9*s**2 + 6*s - 3 + 0 + 8*s**2. Calculate j(3).
3
Let n(p) = -p**2 + 10 - 2*p - p + 5*p + 3*p. What is n(7)?
-4
Let z(v) = 3 + 6*v + 10 - 4 + v**2 + 2*v. Calculate z(-6).
-3
Let z(m) = -8*m**3 - m**2 + m - 3. Let i(r) = -15*r**3 - 2*r**2 + 2*r - 5. Let p(l) = 4*i(l) - 7*z(l). Give p(-1).
3
Suppose 4*i + 2*h - 6*h = 4, -5*i - 4*h + 5 = 0. Let k(b) = 9*b - 1. Give k(i).
8
Let k(g) = 3*g**2 + g - 7. Let q(z) = -z + 1. Let y(u) = -u**2 + 3*u - 1. Let v(t) = 4*q(t) + y(t). Let w(r) = -2*k(r) - 5*v(r). Give w(5).
-11
Let l(r) be the second derivative of -11*r**5/20 - r**4/12 - r**3/6 - r**2/2 + 79*r. Suppose 2*p + 17 = -3*u, -2*p = -p + 3*u + 16. Give l(p).
10
Let l(c) = -2*c**2 - 3*c + 1. Let p(n) = -n**2 - 4*n - 4. Let z be p(-4). Calculate l(z).
-19
Let a(c) = -2*c + 0*c**2 - 4*c**2 + 2*c**2 + 2. What is a(-2)?
-2
Let s = 3 - 7. Let d(r) be the third derivative of -r**5/60 - r**4/6 + 5*r**3/6 + 5*r**2. What is d(s)?
5
Suppose n = -n + 16. Let l(j) = 4*j - n + 1 - 5*j. Give l(-7).
0
Let f(g) = -g**3 + 2. Let q(i) = 3*i**3 + 6*i**2 - i - 7. Let d(a) = -4*f(a) - q(a). What is d(6)?
5
Suppose z - 5 = -5*b - 2, -4*z - 2*b = -84. Let d be 1/2 - 9/(-6). Suppose -4*s + z = d*v + 1, 3*s = -3*v + 21. Let c(y) = y - 1. Give c(s).
3
Let b = 0 - -1. Let y be b/4 - 7/(-4). Let c(h) = -4*h**2 + 9*h**y - 3*h - h**3 - 2 - 3*h + 4*h. Determine c(4).
6
Let x(d) be the third derivative of -3*d**6/40 - d**5/30 - d**4/12 - d**3/6 - 16*d**2. Let w be ((-1)/3)/((-1)/(-3)). Give x(w).
8
Let k(z) = -4*z - 18. Let q be k(-3). Let x(f) = f**2 + 8*f + 2. Calculate x(q).
-10
Let d(i) = -7*i + 4. Let g(v) = 4*v - 2. Let s(q) = 3*d(q) + 5*g(q). Let y be 2/3*-3*-2. Give s(y).
-2
Let v(c) be the third derivative of c**6/360 + c**5/60 + c**4/24 - c**3/6 - 3*c**2. Let g(b) be the first derivative of v(b). What is g(2)?
9
Let l(w) = -7*w**3 + w. Let j be (0 + 1/(-2))*0. Suppose -4*c - 4 = j, -6*c - 3 = -i - 4*c. What is l(i)?
-6
Suppose 2*n = 5*g - 33, -2*g + 3*n = -10 - 12. Suppose g*c + 20 = -20. Let b be (c/(-20))/(1/(-5)). Let t(j) = -2*j - 2. Determine t(b).
2
Let k(h) = h + 1. Suppose 2*b - 17 = -7. Calculate k(b).
6
Let y(j) = -2*j + 2. Let x(v) = -v + 3. Let k(s) = 3*x(s) - 2*y(s). What is k(-5)?
0
Let v = 37/6 + -6. Let c(p) be the second derivative of -1/2*p**2 - v*p**3 - 2*p + 0 + 1/12*p**4. Determine c(-2).
5
Let w(y) = -1 + 3*y**2 + 2*y**3 - 2*y + 4*y**3 - 5*y**3 + 0*y**3. Calculate w(-4).
-9
Let v(s) be the third derivative of -s**7/840 - s**6/90 + s**5/20 - s**4/12 - s**3/6 + 4*s**2. Let u(a) be the first derivative of v(a). Determine u(-5).
-7
Let x(z) = z**3 + 3*z**2 - 3*z. Let t be x(-4). Let l(n) = -3*n**2 + 5. Let v = 6 - 8. Let w(i) = 13*i**2 - i - 21. Let c(p) = v*w(p) - 9*l(p). Determine c(t).
5
Let p(g) = -g**3 + g**2. Let t(q) = 5*q + 0 + 1 - q**3 - 5*q + 2*q. Let n be t(-2). Suppose -2*i = 4, d - 9 = -i + n*i. What is p(d)?
0
Suppose 2*g = -3 - 7. Let h(l) = -l**2 + 3 - 6*l + 0 - 10. Give h(g).
-2
Suppose j - 4*j - 18 = 0. Let i(d) = d**2 + 5*d - 1. Give i(j).
5
Let r be ((-2)/(8/6))/(30/(-60)). Let m(q) = -q**2 + 2*q + 5*q - 2 - 2*q. Determine m(r).
4
Let d(o) be the second derivative of o**4/12 + 2*o**3/3 + o**2/2 + 2*o. Let u = 7 - 9. Let y(s) = 4*s + 3. Let v be y(u). What is d(v)?
6
Let m(w) = -w**3 + 4*w**2 + 6*w - 3. Let i = -1 + 4. Suppose -4*d + 10 = 4*v - i*v, -4*d - 3*v = -6. Suppose d*x = -2*x + 25. Give m(x).
2
Let b(l) = -2*l**2 - 6*l - 1. Let o(a) = -a**2 - 5 - 1 + 3. Let c be o(0). Let x(k) = -5*k**2 - 13*k - 1. Let y(m) = c*x(m) + 7*b(m). Give y(4).
0
Let t(j) = -j**3 + 3*j**2 + j - 1. Let s(n) be the first derivative of n**4/2 - 2*n**3/3 + n + 3. Let f(o) = 3*s(o) + 2*t(o). What is f(-1)?
-5
Let s(c) be the third derivative of -c**4/12 - 2*c**2. Let b be (-6)/(-4) + (-1)/(-2). Suppose -b*f - 9 = f. Determine s(f).
6
Let q = 1 - 0. Let x(j) = -3 + j - q + j. Let p be (1 - (-12 + 5)) + -2. Determine x(p).
8
Let a(x) = 7*x**2 - x - 7. Let n(m) = 11*m**2 - m - 11. Let d(g) = 8*a(g) - 5*n(g). Let v = 152 + -149. Determine d(v).
-1
Let w(q) be the first derivative of -q**4/4 + 2*q**3 - 7*q**2/2 + 4*q - 3. Calculate w(5).
-6
Let q be (-1)/(0 + -1) - 0. Suppose 2*x = 3*x + q. Let i(y) = -8*y**2 - y. What is i(x)?
-7
Suppose 7 + 3 = 5*w. Suppose -w*f - 3 + 2 = 5*k, -3*f - 3*k - 6 = 0. Let a(p) = p**2 + 3*p + 1. Calculate a(f).
1
Let a(y) = 2*y**3 + 2*y**2 - y + 2. Let d be 5 + 2 + -1 + 0. Suppose -3*r = -0*r + d. Calculate a(r).
-4
Suppose w = 1 - 0. Let f = 2 + w. Let g(d) be the second derivative of d**5/20 - d**4/4 + d**3/2 - 3*d**2/2 + 2*d. Calculate g(f).
6
Let a(v) = -v**2 + 2*v + 8. Let w be a(6). Let s = -21 - w. Let p(o) = o**2 + 4*o - 7. Calculate p(s).
-2
Suppose -6*u = 46 - 4. Let v(b) = -2*b - 7. What is v(u)?
7
Let m(i) = -i - 1. Let o(g) = 3*g - 4. Let k be o(2). Suppose -k*t + 1 - 3 = 0, 6 = -2*q + 4*t. What is m(q)?
4
Let i(u) = u**3 - 7*u**2 + 2*u - 7. Let h be i(7). Let n = 2 - h. Let y(d) = 1 + 2 + 3 + 3 + d. Give y(n).
4
Let p(m) = -7*m**2 - 10*m + 3. Let t(b) be the second derivative of -11*b**4/12 - 5*b**3/2 + 5*b**2/2 - 2*b. Let k(z) = 8*p(z) - 5*t(z). Determine k(-5).
-1
Let l(r) be the first derivative of -6*r**2 + 58. What is l(1)?
-12
Let x(n) = -4*n. Let w(m) = m + 10. Let y be w(-13). Let a = y - -2. What is x(a)?
4
Let k(l) = l**2 + 7*l - 3. Let f be k(-8). Let w(u) = f*u - 2*u**2 + 0*u**3 - 2*u**2 + 3 - u**3 - 7. Give w(-5).
-4
Let a(k) = -4*k**2 + 32*k - 3. Let f(c) = -c**2 + 8*c - 1. Let p(j) = 2*a(j) - 9*f(j). Suppose 6*r - 42 = -r. What is p(r)?
-9
Let l(q) = q**2 + 3*q - 3. Suppose 3 = w + 7. Give l(w).
1
Let w(z) = -z**3 + z**2 - 22. Suppose 0 = 6*s - 8*s. Calculate w(s).
-22
Let j(k) = -k**2 + 4*k - 5. Let n = 0 + 9. Suppose 0 = 5*l - n*l + 16. Determine j(l).
-5
Let h(g) = g**2 - 7*g + 8. Let v be 58/7 - 2/7. Let x = -2 + v. Determine h(x).
2
Let g = -